 14.
11
Let y = -377 + 214. Let o = y + 185. What is the remainder when 152 is divided by o?
20
Suppose r = -2 - 13. What is the remainder when 17 is divided by (-141)/r + 4/(-10)?
8
Suppose -3*a - 5*w + 95 = 0, 4*a - 56 = -w + 82. Let u(q) = 2*q**2 + 23*q + 82. What is the remainder when a is divided by u(-7)?
16
Let w(z) = -3*z**2 + 24*z + 3. Let v be w(8). Suppose -7 = 2*n - v*n. Calculate the remainder when 12 is divided by n.
5
Let g(j) = 4*j - 43. What is the remainder when 37 is divided by g(13)?
1
Suppose 97*t - 168950 = 35*t. Calculate the remainder when t is divided by 124.
121
Suppose 0 = -3*k - 4*w - 48, 2*w + 0*w = -6. Let q = k - -34. Suppose 2*y + 56 = 5*z - 0*y, 2*z + 3*y = 30. What is the remainder when q is divided by z?
10
Suppose -5*y = -4*p + 12, -p - 5*y + 4 - 1 = 0. Suppose p*u = u + 18. Let h = -5 + u. Calculate the remainder when 10 is divided by h.
2
Suppose -3*w = w - 76. What is the remainder when w is divided by 2 + (-4)/8*-10?
5
Suppose -51 = -h - 0*h. Suppose -3*j = 2*p - h, -5*j + p = -4*j - 22. Suppose 0 = -w - 0 - 6, 4*g - 288 = -2*w. Calculate the remainder when g is divided by j.
18
Suppose 27*v - 29*v = -74. What is the remainder when v is divided by 17?
3
Let x = -578 - -587. What is the remainder when 128 is divided by x?
2
Let h = -118 + 247. Suppose -c = -0*c + 2*l - 25, 2*c - 5*l = 86. What is the remainder when h is divided by c?
30
Let o = -1229 - -1234. Let r be (-2 - (-67)/2)*2. Let c = -39 + r. Calculate the remainder when c is divided by o.
4
Let m(n) = 44*n - 11. Suppose 98 = -4*z - 5*b + 623, -2*z + 255 = b. What is the remainder when z is divided by m(1)?
26
Let d = 0 + 2. Calculate the remainder when 18/d*(2 + -1) is divided by (60/(-45))/((32/(-30))/4).
4
Suppose 0 = 7*s + s - 120. What is the remainder when 1 - (-101 - (0 + 2)) is divided by s?
14
Let w(r) = -r**3 - 16*r**2 + 39. What is the remainder when 149 is divided by w(-16)?
32
Let c(l) = -6*l**3 - 4*l**2 + 13*l + 28. Calculate the remainder when c(-3) is divided by 32.
19
Let g(h) = -h**2 - h + 17. Let j = -3172 + 3290. Calculate the remainder when j is divided by g(0).
16
Let p(i) = -i**3 - 7*i**2 + 5*i + 5. Let l be p(-8). Let c = l - 24. Suppose 69 - c = 4*k. Calculate the remainder when 45 is divided by k.
13
Let l = 62 + -55. What is the remainder when 433 is divided by l?
6
Suppose -5*n = -6 - 14. Suppose 3*t + 0 = -3, -n*t - 240 = -4*b. Let c = 1135 - 1120. Calculate the remainder when b is divided by c.
14
Let x be (6/(-5))/((-6)/60). Suppose -x*q + 8*q + 36 = 0. Let k(l) = 11*l. Calculate the remainder when k(3) is divided by q.
6
Let b be -3 + (-141)/(-12) + 3/12. Suppose -84 - 15 = -b*t. Calculate the remainder when t is divided by 5.
1
Suppose -c = -3 + 16. Let b(q) = -q - 7. Let z be b(c). Suppose -z = 6*t - 216. Calculate the remainder when t is divided by 18.
17
Suppose c + 3 = 2*c - 4*q, 0 = 2*c + q - 6. Let t(s) = 2*s - 95. What is the remainder when c/(6/32)*1 is divided by t(52)?
7
Suppose 5*o - 2*d - 343 = 0, 0 = -13*o + 10*o - 4*d + 185. What is the remainder when o is divided by 12?
7
Suppose 3*a = 7*a - 320. Let u = a - 43. Calculate the remainder when u is divided by 20.
17
Let p = 521 + -23. Let w = p + -309. Calculate the remainder when w is divided by 19.
18
Let g = 45 + -33. What is the remainder when 63*(3 - 32/g) is divided by 4?
1
Suppose d = -d + 18. Suppose 33 = -2*v + 139. What is the remainder when v is divided by d?
8
Suppose 22*b = -b + 575. Calculate the remainder when 42 is divided by b.
17
Let v be (-4 - (-3)/1)*-7. Let d(b) = 3*b + 1190 + 0*b - 1206. What is the remainder when 7 is divided by d(v)?
2
Suppose -14 + 96 = 2*f. Let x(b) = -4*b**2 - b**2 + b + 2 + 6*b**2. What is the remainder when f is divided by x(-4)?
13
Let y(u) = -u**3 - 6*u**2 + 6*u - 5. Let f be y(-7). Let z = 5 + f. Suppose 2*g + 70 = z*g. What is the remainder when 52 is divided by g?
10
Let f = -82 - -16. Let x = f - -89. What is the remainder when 44 is divided by x?
21
Suppose 3*i + 17 = -19. Let o = -56 - -38. Calculate the remainder when 56 is divided by o/4*40/i.
11
Suppose 22*w - 408 - 208 = 0. Suppose -3*x = -9, -4*x + x = -5*a + 16. Calculate the remainder when w is divided by a.
3
Suppose 3*h + 32 = 11*h. What is the remainder when 29 is divided by h?
1
Let m(r) = 18*r**2 - 3*r - 1. Suppose 2*t - 4*o - 92 = 0, -5*o + 65 = t + t. What is the remainder when m(-2) is divided by t?
37
Let m be -4*(-2 + (-3 - -2)). Calculate the remainder when (8/(-20))/(26/(-1950)) is divided by 92/m - (-2)/6.
6
Suppose -19 + 4 = -x. What is the remainder when 84 is divided by x?
9
Let x(h) = -3*h**3 - 16*h**2 + 15*h + 21. What is the remainder when 7 is divided by x(-6)?
1
Let m(t) = 2*t**2 - 3*t + 1. Let l(k) = 45*k**3 - k**2 - k + 1. Let w be l(-1). Let d = -38 - w. What is the remainder when m(4) is divided by d?
3
Suppose 2*s = 1 + 13. Let r(d) = -5*d + 5. Calculate the remainder when r(-4) is divided by s.
4
Suppose 86*q - 8575 = 21955. Calculate the remainder when q is divided by 92.
79
Let r = 54 - 50. Suppose 2*i - 3*q = 18, 7*q - 3*q = -r*i + 56. Let u = 42 + -19. Calculate the remainder when u is divided by i.
11
Suppose 5*m - 7*m - 26 = -2*w, 0 = w + 2*m - 25. Suppose -2*c + 2 = 8. Let o(p) = -23*p - 4. Calculate the remainder when o(c) is divided by w.
14
Let v(k) = k**3 - 12*k**2 - 23*k - 41. Calculate the remainder when v(14) is divided by 5/20 - (-86)/8.
7
Suppose a + 0*a + 3*v - 31 = 0, -35 = -a + v. Suppose 0 = 4*y + 6*y - 610. What is the remainder when y is divided by a?
27
Suppose -15 = g - 2*c - 3, 3*c = -4*g - 103. Let m = g - -25. What is the remainder when (-4)/m*(-45)/10 is divided by 2?
0
Let q be (-3 + -1)/(-1 + -1). Suppose -4*p + 213 = q*v + 37, v - 174 = -4*p. Calculate the remainder when p is divided by 12.
7
Suppose -22*s + 92 = -216. What is the remainder when 27 is divided by s?
13
Let w = -5 + 10. Suppose 0 = -52*l + 53*l - 24. Suppose 3*k - 18 = l. Calculate the remainder when k is divided by w.
4
Suppose -15*v + k - 73 = -20*v, -2*k = 2*v - 26. What is the remainder when v is divided by 3?
0
Let h(a) be the second derivative of 5*a**3/6 + 22*a**2 + 43*a. What is the remainder when 39 is divided by h(-6)?
11
Suppose -5*d + 3*h = -584, -d - 5*h - 34 = -134. What is the remainder when 571 is divided by d?
111
Suppose v - 6 + 2 = 0, -2*v + 66 = 2*s. Let r be ((-6)/2 - 1)/(-2). Suppose 5*t + 12 = -8, r*t = -3*g + 37. What is the remainder when s is divided by g?
14
Let h be 42/9 - 0 - (-8)/(-12). Suppose 3*k - t - 124 = 0, 161 = 4*k + h*t - t. Calculate the remainder when 120 is divided by k.
38
Suppose 154 = 5*g + 49. Let c be (1 + -1)/(1 - 3). Suppose 0*z + 5*z - 200 = c. What is the remainder when z is divided by g?
19
Let c be 8/((-8)/(-21)) + 1. Suppose -50 = -5*f - 0*f - y, -3*f + y = -c. Calculate the remainder when 18 is divided by f.
0
Let w(z) = -7*z**3 - 29*z**2 - 23*z - 5. Let b(n) = 8*n**3 + 30*n**2 + 23*n + 5. Let l(x) = 6*b(x) + 7*w(x). What is the remainder when 32 is divided by l(-22)?
15
Let m = 29 - 26. Suppose m*s - 202 = -4*r - 18, s = 0. Calculate the remainder when r is divided by 2/6 - (-70)/6.
10
Suppose 4*n - x = -10, -5*x - 5 = 3*n + 14. What is the remainder when (1 + -4)*(n/9 + -1) is divided by 2?
0
Suppose 0 = -16*v + 8 + 264. Calculate the remainder when 106 is divided by v.
4
Let t(f) = -11*f + 145. What is the remainder when 61 is divided by t(12)?
9
Suppose -p - 2 + 16 = 0. What is the remainder when 2 - (-4)/(12/237) is divided by p?
11
Suppose -3*v - 3*w + 608 + 697 = 0, 0 = v - 2*w - 444. Calculate the remainder when v is divided by 49.
46
Suppose -132 - 1288 = -10*p. Calculate the remainder when p is divided by 18.
16
Let b = 20 + 24. Let p = 10 - 5. Suppose 2*u - x = 57, 4*x = p*u + b - 182. Calculate the remainder when u is divided by 8.
6
Let k(w) = -w + 16. Let q be k(10). Let z(n) = 2*n - 4. Calculate the remainder when z(q) is divided by 4.
0
Let p = -5 - 14. Let b = 22 + p. Suppose 3*x + b = 2*x, 2*s - 26 = 2*x. Calculate the remainder when 26 is divided by s.
6
Suppose 22*o - 1236 = 1118. What is the remainder when o is divided by 36?
35
Let y(f) be the first derivative of 2*f**3/3 - 2*f**2 - 11*f + 15. What is the remainder when y(9) is divided by 